 by 196.
193
Calculate the remainder when 4225 is divided by 386.
365
Calculate the remainder when 93899 is divided by 221.
195
What is the remainder when 9787 is divided by 1954?
17
Calculate the remainder when 109681 is divided by 5.
1
Calculate the remainder when 1617 is divided by 245.
147
What is the remainder when 9327 is divided by 22?
21
What is the remainder when 128773 is divided by 53?
36
Calculate the remainder when 84255 is divided by 207.
6
What is the remainder when 127002 is divided by 15?
12
Calculate the remainder when 31064 is divided by 15.
14
Calculate the remainder when 13605 is divided by 486.
483
What is the remainder when 32984 is divided by 258?
218
What is the remainder when 1605202 is divided by 1002?
1000
What is the remainder when 126950 is divided by 118?
100
Calculate the remainder when 37499 is divided by 86.
3
What is the remainder when 6167 is divided by 290?
77
What is the remainder when 2468 is divided by 1067?
334
Calculate the remainder when 63835 is divided by 123.
121
Calculate the remainder when 45499 is divided by 119.
41
Calculate the remainder when 4341 is divided by 11.
7
Calculate the remainder when 700 is divided by 133.
35
Calculate the remainder when 78986 is divided by 82.
20
Calculate the remainder when 7463 is divided by 7441.
22
What is the remainder when 2224 is divided by 581?
481
Calculate the remainder when 6510 is divided by 159.
150
What is the remainder when 1107 is divided by 1081?
26
Calculate the remainder when 3744 is divided by 475.
419
What is the remainder when 113894 is divided by 3254?
4
Calculate the remainder when 62786 is divided by 85.
56
Calculate the remainder when 2394 is divided by 326.
112
Calculate the remainder when 75597 is divided by 34.
15
What is the remainder when 101 is divided by 7?
3
What is the remainder when 38653 is divided by 207?
151
Calculate the remainder when 1216003 is divided by 1783.
1780
What is the remainder when 60565 is divided by 18?
13
What is the remainder when 71169 is divided by 18?
15
What is the remainder when 220115 is divided by 11?
5
What is the remainder when 320450 is divided by 114?
110
Calculate the remainder when 50667 is divided by 2300.
67
What is the remainder when 22842 is divided by 584?
66
Calculate the remainder when 4382 is divided by 3839.
543
Calculate the remainder when 30334 is divided by 389.
381
What is the remainder when 3977 is divided by 261?
62
Calculate the remainder when 78955 is divided by 16.
11
What is the remainder when 20511 is divided by 108?
99
What is the remainder when 3257 is divided by 1407?
443
Calculate the remainder when 40009 is divided by 1612.
1321
Calculate the remainder when 10523 is divided by 5258.
7
What is the remainder when 383192 is divided by 2410?
2
Calculate the remainder when 1225680 is divided by 49027.
5
What is the remainder when 403171 is divided by 77?
76
Calculate the remainder when 58329 is divided by 54.
9
Calculate the remainder when 16203 is divided by 160.
43
What is the remainder when 1725273 is divided by 228?
225
What is the remainder when 937 is divided by 461?
15
What is the remainder when 9893 is divided by 33?
26
Calculate the remainder when 8394 is divided by 1409.
1349
What is the remainder when 1656 is divided by 22?
6
What is the remainder when 235935 is divided by 89?
85
Calculate the remainder when 16387 is divided by 5387.
226
Calculate the remainder when 16661 is divided by 38.
17
Calculate the remainder when 925 is divided by 74.
37
Calculate the remainder when 5050 is divided by 23.
13
Calculate the remainder when 195191 is divided by 507.
503
Calculate the remainder when 4366 is divided by 180.
46
Calculate the remainder when 50937 is divided by 50829.
108
Calculate the remainder when 2544 is divided by 2521.
23
What is the remainder when 3509 is divided by 395?
349
Calculate the remainder when 76767 is divided by 526.
497
What is the remainder when 4947 is divided by 356?
319
Calculate the remainder when 4792 is divided by 357.
151
Calculate the remainder when 2391 is divided by 750.
141
Calculate the remainder when 520919 is divided by 43409.
11
What is the remainder when 248 is divided by 28?
24
What is the remainder when 60680 is divided by 189?
11
What is the remainder when 1302289 is divided by 55?
54
Calculate the remainder when 294178 is divided by 8652.
10
Calculate the remainder when 47378 is divided by 159.
155
What is the remainder when 3429 is divided by 1674?
81
Calculate the remainder when 37458 is divided by 127.
120
What is the remainder when 241926 is divided by 788?
10
What is the remainder when 1368 is divided by 187?
59
What is the remainder when 115925 is divided by 38637?
14
What is the remainder when 404508 is divided by 16?
12
Calculate the remainder when 24473 is divided by 5.
3
What is the remainder when 26642 is divided by 1567?
3
What is the remainder when 206766 is divided by 121?
98
Calculate the remainder when 9486 is divided by 1493.
528
What is the remainder when 286 is divided by 44?
22
What is the remainder when 2848 is divided by 959?
930
Calculate the remainder when 620774 is divided by 537.
2
What is the remainder when 25724 is divided by 12860?
4
Calculate the remainder when 79157 is divided by 55.
12
Calculate the remainder when 87021 is divided by 473.
462
Calculate the remainder when 5823 is divided by 1300.
623
Calculate the remainder when 10553 is divided by 5268.
17
Calculate the remainder when 4032 is divided by 2415.
1617
What is the remainder when 90475 is divided by 27?
25
What is the remainder when 27894 is divided by 429?
9
Calculate the remainder when 13971 is divided by 451.
441
What is the remainder when 249089 is divided by 54?
41
Calculate the remainder when 34654 is divided by 439.
412
What is the remainder when 208568 is divided by 40?
8
Calculate the remainder when 14008 is divided by 4650.
58
Calculate the remainder when 67270 is divided by 207.
202
What is the remainder when 46735 is divided by 396?
7
What is the remainder when 44088 is divided by 588?
576
What is the remainder when 15494 is divided by 1189?
37
What is the remainder when 8041 is divided by 23?
14
What is the remainder when 760741 is divided by 33?
25
Calculate the remainder when 183191 is divided by 408.
407
What is the remainder when 3270 is divided by 57?
21
What is the remainder when 28913 is divided by 110?
93
What is the remainder when 99408 is divided by 18?
12
Calculate the remainder when 12337 is divided by 142.
125
What is the remainder when 9465 is divided by 126?
15
What is the remainder when 861883 is divided by 47?
44
Calculate the remainder when 65168 is divided by 70.
68
Calculate the remainder when 1592 is divided by 21.
17
What is the remainder when 6561 is divided by 3244?
73
Calculate the remainder when 57879 is divided by 463.
4
What is the remainder when 23674 is divided by 234?
40
What is the remainder when 169958 is divided by 7389?
11
What is the remainder when 581107 is divided by 47?
46
Calculate the remainder when 446121 is divided by 523.
2
Calculate the remainder when 225886 is divided by 178.
4
Calculate the remainder when 40930 is divided by 2273.
16
What is the remainder when 4675 is divided by 9?
4
What is the remainder when 21648 is divided by 470?
28
What is the remainder when 17934 is divided by 1414?
966
Calculate the remainder when 1685 is divided by 495.
200
Calculate the remainder when 2565 is divided by 123.
105
Calculate the remainder when 349499 is divided by 12.
11
Calculate the remainder when 14313 is divided by 4762.
27
What is the remainder when 49051 is divided by 804?
7
Calculate the remainder when 9423 is divided by 1172.
47
Calculate the remainder when 451662 is divided by 25.
12
What is the remainder when 134341 is divided by 97?
93
Calculate the remainder when 7966 is divided by 135.
1
Calculate the remainder when 1731 is divided by 1455.
276
Calculate the remainder when 18380 is divided by 9189.
2
Calculate the remainder when 3362 is divided by 1648.
66
What is the remainder when 4665 is divided by 412?
133
Calculate the remainder when 4519 is divided by 50.
19
What is the remainder when 20953 is divided by 2?
1
What is the remainder when 4031 is divided by 63?
62
